{"id":526,"date":"2018-01-11T11:34:49","date_gmt":"2018-01-11T11:34:49","guid":{"rendered":"http:\/\/www.castromunicipio.cl\/?page_id=526"},"modified":"2025-01-22T18:56:19","modified_gmt":"2025-01-22T21:56:19","slug":"oficina-de-la-mujer","status":"publish","type":"page","link":"https:\/\/www.municipalidadcastro.cl\/?page_id=526","title":{"rendered":"Oficina de la Mujer"},"content":{"rendered":"<section class=\"wpb-content-wrapper\"><p>[vc_row vc_row_background=&#8221;&#8221;][vc_column width=&#8221;2\/3&#8243;][vc_column_text]<\/p>\n<p class=\"p1\"><strong><span class=\"s1\">Funciones de la oficina de la mujer:<\/span><\/strong><\/p>\n<ul class=\"ul1\">\n<li class=\"li1\"><span class=\"s2\">Promover la integraci\u00f3n de las mujeres de la comuna de Castro, a trav\u00e9s de la informaci\u00f3n, capacitaci\u00f3n<span class=\"Apple-converted-space\">\u00a0 <\/span>participaci\u00f3n<\/span><\/li>\n<li class=\"li1\"><span class=\"s2\">Brindar informaci\u00f3n permanente a las mujeres sobre sus derechos y los servicios existentes en distintas instituciones.<\/span><\/li>\n<li class=\"li1\"><span class=\"s2\">Fomentar la participaci\u00f3n, la asociatividad, la formaci\u00f3n de redes, el liderazgo y la toma de decisiones de las mujeres en los distintos espacios locales.<\/span><\/li>\n<li class=\"li1\"><span class=\"s2\">Gestionar oportunidades de capacitaci\u00f3n para las mujeres.<\/span><\/li>\n<li class=\"li1\"><span class=\"s2\">Generar redes de apoyo local con los programas municipales e instituciones p\u00fablicas y privadas, programas de protecci\u00f3n social, entre otras (articulaci\u00f3n de temas de g\u00e9nero o red e la no violencia contra la mujer y el buen trato)<\/span><\/li>\n<\/ul>\n<p class=\"p1\"><strong><span class=\"s1\"> Objetivo:<\/span><\/strong><\/p>\n<p class=\"p2\"><span class=\"s1\">Contribuir a mejor la calidad de vida de las mujeres de la comuna de Castro, a trav\u00e9s de la generaci\u00f3n y\/o fortalecimiento de los distintos espacios que favorezcan su empoderamiento y autonom\u00eda.<\/span><\/p>\n<p class=\"p2\"><span class=\"s1\">Generar instancias de participaci\u00f3n,<span class=\"Apple-converted-space\">\u00a0 <\/span>por medio de<span class=\"Apple-converted-space\">\u00a0 <\/span>la articulaci\u00f3n<span class=\"Apple-converted-space\">\u00a0 <\/span>de redes, fomentando el liderazgo y la toma de decisiones de las mujeres en los distintos espacios locales<\/span><\/p>\n<p class=\"p5\"><span class=\"s1\"><strong>Perfil de Usuarias:<\/strong> Mujeres y Agrupaciones de Mujeres de la comuna de Castro y todas aquellas que no se encuentren insertas en el Programa Jefas de Hogar.<\/span><\/p>\n<p>[\/vc_column_text][\/vc_column][vc_column width=&#8221;1\/3&#8243;][vc_custom_heading text=&#8221;ENCARGADA&#8221; font_container=&#8221;tag:h2|text_align:center|color:%23ffffff&#8221; use_theme_fonts=&#8221;yes&#8221;][vc_column_text]<\/p>\n<p style=\"text-align: center;\"><span style=\"color: #000000;\"><b>Solange Oyarz\u00fan Ulloa<\/b><\/span><\/p>\n<p style=\"text-align: center;\"><span style=\"color: #000000;\">652 530 347<\/span><br \/>\n<span style=\"color: #ffffff;\"><span style=\"color: #000000;\">oficinamujer@municipalidadcastro.cl<\/span>l<\/span><\/p>\n<p>[\/vc_column_text][\/vc_column][\/vc_row]<\/p>\n<\/section>","protected":false},"excerpt":{"rendered":"<p>[vc_row vc_row_background=&#8221;&#8221;][vc_column width=&#8221;2\/3&#8243;][vc_column_text] Funciones de la oficina de la mujer: Promover la integraci\u00f3n de las mujeres de la comuna de Castro, a trav\u00e9s de la informaci\u00f3n, capacitaci\u00f3n\u00a0 participaci\u00f3n Brindar informaci\u00f3n permanente a las mujeres sobre sus derechos y los servicios existentes en distintas instituciones. Fomentar la participaci\u00f3n, la asociatividad, la formaci\u00f3n de redes, el liderazgo [&hellip;]<\/p>\n","protected":false},"author":7,"featured_media":0,"parent":398,"menu_order":10,"comment_status":"closed","ping_status":"closed","template":"","meta":{"footnotes":""},"class_list":["post-526","page","type-page","status-publish","hentry"],"publishpress_future_action":{"enabled":false,"date":"2026-05-12 06:07:06","action":"change-status","newStatus":"draft","terms":[],"taxonomy":""},"publishpress_future_workflow_manual_trigger":{"enabledWorkflows":[]},"_links":{"self":[{"href":"https:\/\/www.municipalidadcastro.cl\/index.php?rest_route=\/wp\/v2\/pages\/526","targetHints":{"allow":["GET"]}}],"collection":[{"href":"https:\/\/www.municipalidadcastro.cl\/index.php?rest_route=\/wp\/v2\/pages"}],"about":[{"href":"https:\/\/www.municipalidadcastro.cl\/index.php?rest_route=\/wp\/v2\/types\/page"}],"author":[{"embeddable":true,"href":"https:\/\/www.municipalidadcastro.cl\/index.php?rest_route=\/wp\/v2\/users\/7"}],"replies":[{"embeddable":true,"href":"https:\/\/www.municipalidadcastro.cl\/index.php?rest_route=%2Fwp%2Fv2%2Fcomments&post=526"}],"version-history":[{"count":15,"href":"https:\/\/www.municipalidadcastro.cl\/index.php?rest_route=\/wp\/v2\/pages\/526\/revisions"}],"predecessor-version":[{"id":26419,"href":"https:\/\/www.municipalidadcastro.cl\/index.php?rest_route=\/wp\/v2\/pages\/526\/revisions\/26419"}],"up":[{"embeddable":true,"href":"https:\/\/www.municipalidadcastro.cl\/index.php?rest_route=\/wp\/v2\/pages\/398"}],"wp:attachment":[{"href":"https:\/\/www.municipalidadcastro.cl\/index.php?rest_route=%2Fwp%2Fv2%2Fmedia&parent=526"}],"curies":[{"name":"wp","href":"https:\/\/api.w.org\/{rel}","templated":true}]}}