{"id":26704,"date":"2025-03-14T10:44:03","date_gmt":"2025-03-14T13:44:03","guid":{"rendered":"https:\/\/www.municipalidadcastro.cl\/?page_id=26704"},"modified":"2025-03-19T08:54:08","modified_gmt":"2025-03-19T11:54:08","slug":"departamento-de-informatica","status":"publish","type":"page","link":"https:\/\/www.municipalidadcastro.cl\/?page_id=26704","title":{"rendered":"Departamento de Inform\u00e1tica"},"content":{"rendered":"<section class=\"wpb-content-wrapper\"><p>[vc_row][vc_column width=&#8221;3\/4&#8243;][vc_tta_accordion active_section=&#8221;1&#8243; collapsible_all=&#8221;true&#8221;][vc_tta_section title=&#8221;SOPORTE TECNICO INFORMATICO&#8221; tab_id=&#8221;1742384766937-04f913e9-33f5&#8243;][vc_column_text]<\/p>\n<p style=\"text-align: justify;\">\u00a0Alejandro C\u00f3rdova Segovia<\/p>\n<p style=\"text-align: justify;\"><strong>E-Mail:<\/strong> alejandrocordova@municipalidadcastro.cl<\/p>\n<p>[\/vc_column_text][\/vc_tta_section][vc_tta_section title=&#8221;T\u00e9cnico en inform\u00e1tica&#8221; tab_id=&#8221;1734011595498-9e13785c-b1d3&#8243;][vc_column_text]<\/p>\n<p style=\"text-align: justify;\">Paulo Sep\u00falveda<\/p>\n<p style=\"text-align: justify;\"><strong>E-Mail:<\/strong> psepulveda@municipalidadcastro.cl<\/p>\n<p>[\/vc_column_text][\/vc_tta_section][\/vc_tta_accordion][\/vc_column][vc_column width=&#8221;1\/4&#8243;][\/vc_column][\/vc_row][vc_row][vc_column][\/vc_column][\/vc_row]<\/p>\n<\/section>","protected":false},"excerpt":{"rendered":"<p>[vc_row][vc_column width=&#8221;3\/4&#8243;][vc_tta_accordion active_section=&#8221;1&#8243; collapsible_all=&#8221;true&#8221;][vc_tta_section title=&#8221;SOPORTE TECNICO INFORMATICO&#8221; tab_id=&#8221;1742384766937-04f913e9-33f5&#8243;][vc_column_text] \u00a0Alejandro C\u00f3rdova Segovia E-Mail: alejandrocordova@municipalidadcastro.cl [\/vc_column_text][\/vc_tta_section][vc_tta_section title=&#8221;T\u00e9cnico en inform\u00e1tica&#8221; tab_id=&#8221;1734011595498-9e13785c-b1d3&#8243;][vc_column_text] Paulo Sep\u00falveda E-Mail: psepulveda@municipalidadcastro.cl [\/vc_column_text][\/vc_tta_section][\/vc_tta_accordion][\/vc_column][vc_column width=&#8221;1\/4&#8243;][\/vc_column][\/vc_row][vc_row][vc_column][\/vc_column][\/vc_row]<\/p>\n","protected":false},"author":32,"featured_media":0,"parent":0,"menu_order":0,"comment_status":"closed","ping_status":"closed","template":"","meta":{"footnotes":""},"class_list":["post-26704","page","type-page","status-publish","hentry"],"publishpress_future_action":{"enabled":false,"date":"2026-05-12 05:42:06","action":"change-status","newStatus":"draft","terms":[],"taxonomy":""},"publishpress_future_workflow_manual_trigger":{"enabledWorkflows":[]},"_links":{"self":[{"href":"https:\/\/www.municipalidadcastro.cl\/index.php?rest_route=\/wp\/v2\/pages\/26704","targetHints":{"allow":["GET"]}}],"collection":[{"href":"https:\/\/www.municipalidadcastro.cl\/index.php?rest_route=\/wp\/v2\/pages"}],"about":[{"href":"https:\/\/www.municipalidadcastro.cl\/index.php?rest_route=\/wp\/v2\/types\/page"}],"author":[{"embeddable":true,"href":"https:\/\/www.municipalidadcastro.cl\/index.php?rest_route=\/wp\/v2\/users\/32"}],"replies":[{"embeddable":true,"href":"https:\/\/www.municipalidadcastro.cl\/index.php?rest_route=%2Fwp%2Fv2%2Fcomments&post=26704"}],"version-history":[{"count":5,"href":"https:\/\/www.municipalidadcastro.cl\/index.php?rest_route=\/wp\/v2\/pages\/26704\/revisions"}],"predecessor-version":[{"id":26822,"href":"https:\/\/www.municipalidadcastro.cl\/index.php?rest_route=\/wp\/v2\/pages\/26704\/revisions\/26822"}],"wp:attachment":[{"href":"https:\/\/www.municipalidadcastro.cl\/index.php?rest_route=%2Fwp%2Fv2%2Fmedia&parent=26704"}],"curies":[{"name":"wp","href":"https:\/\/api.w.org\/{rel}","templated":true}]}}