{"id":26188,"date":"2024-12-27T14:54:57","date_gmt":"2024-12-27T17:54:57","guid":{"rendered":"https:\/\/www.municipalidadcastro.cl\/?page_id=26188"},"modified":"2025-01-22T18:57:27","modified_gmt":"2025-01-22T21:57:27","slug":"oficina-local-de-la-ninez","status":"publish","type":"page","link":"https:\/\/www.municipalidadcastro.cl\/?page_id=26188","title":{"rendered":"Oficina Local de la Ni\u00f1ez"},"content":{"rendered":"<section class=\"wpb-content-wrapper\"><p>[vc_row][vc_column width=&#8221;2\/3&#8243;][vc_column_text][\/vc_column_text][\/vc_column][vc_column width=&#8221;1\/3&#8243;][vc_custom_heading text=&#8221;DIRECTOR&#8221; font_container=&#8221;tag:h2|text_align:center|color:%230f0f0f&#8221; use_theme_fonts=&#8221;yes&#8221;][vc_single_image img_size=&#8221;medium&#8221; alignment=&#8221;center&#8221;][vc_column_text]<\/p>\n<h4 style=\"text-align: center;\"><span style=\"color: #000000;\"><strong>Felipe Barrientos C\u00e1rdenas<\/strong><\/span><\/h4>\n<p style=\"text-align: center;\"><span style=\"color: #000000;\">oficinalocalninez@municipalidadcastro.cl<\/span><\/p>\n<p>[\/vc_column_text][\/vc_column][\/vc_row][vc_row][vc_column][vc_text_separator title=&#8221;GLOSARIO&#8221; i_icon_fontawesome=&#8221;fas fa-book&#8221; i_color=&#8221;orange&#8221; add_icon=&#8221;true&#8221;][vc_column_text]<\/p>\n<p style=\"text-align: center;\">T\u00e9rminos de uso frecuente en la direcci\u00f3n.<\/p>\n<p>[\/vc_column_text][\/vc_column][\/vc_row][vc_row][vc_column width=&#8221;1\/3&#8243;][vc_toggle title=&#8221;Patente Comercial&#8221;]Actividad econ\u00f3mica donde no medie un proceso\u00a0 de transformaci\u00f3n de materias primas o productos en uno diferente.[\/vc_toggle][vc_toggle title=&#8221;Patente Profesional&#8221;]Actividad econ\u00f3mica profesional.[\/vc_toggle][vc_toggle title=&#8221;Patente MEF&#8221;]Actividad econ\u00f3mica que se realiza en la casa habitaci\u00f3n del contribuyente, pueden ser solicitadas por persona natural o E.I.R.L. de acuerdo a la Ley de 19749 que establece normas para facilitar la creaci\u00f3n de microempresas familiares.[\/vc_toggle][vc_toggle title=&#8221;Transferencia Patente&#8221;]Venta o arriendo de un negocio amparado con patente.[\/vc_toggle][vc_toggle title=&#8221;Casa matriz&#8221;]Sede principal de una organizaci\u00f3n empresarial.[\/vc_toggle][vc_toggle title=&#8221;Renovaci\u00f3n de patentes CIPA&#8221;]Autorizar el funcionamiento de la actividad econ\u00f3mica por un nuevo periodo, se realiza en el mes de julio de cada a\u00f1o.[\/vc_toggle][vc_toggle title=&#8221;Expediente de patente&#8221;]Carpeta que contiene todos los documentos que sustentan los actos administrativos de una patente.[\/vc_toggle][\/vc_column][vc_column width=&#8221;1\/3&#8243;][vc_toggle title=&#8221;Patente Industrial&#8221;]Actividad econ\u00f3mica donde medie un proceso de transformaci\u00f3n de materias primas o producto en uno diferente.[\/vc_toggle][vc_toggle title=&#8221;Patente Provisoria&#8221;]Autorizaci\u00f3n transitoria que posibilita el ejercicio de una actividad econ\u00f3mica por el plazo m\u00e1ximo de una a\u00f1o de acuerdo a la normativa contenida en la Ordenanza N\u00b035 de Patentes Provisorias.[\/vc_toggle][vc_toggle title=&#8221;Eliminaci\u00f3n Patente&#8221;]Termino de funcionamiento de la actividad econ\u00f3mica, solicitada por el contribuyente.[\/vc_toggle][vc_toggle title=&#8221;Clausura Patente&#8221;]Cierre temporal o permanentemente de un establecimiento comercial debido al incumplimiento de las leyes.[\/vc_toggle][vc_toggle title=&#8221;Sucursales&#8221;]Una sucursal es una entidad comercial que forma parte de una empresa matriz, pero se encuentra f\u00edsicamente separada de su sede principal en la misma comuna u otra diferente.[\/vc_toggle][vc_toggle title=&#8221;Renovaci\u00f3n de patentes de alcohol&#8221;]Autorizar el funcionamiento de la actividad econ\u00f3mica por un nuevo periodo, se realiza en el mes de julio y enero de cada a\u00f1o.[\/vc_toggle][\/vc_column][vc_column width=&#8221;1\/3&#8243;][vc_toggle title=&#8221;Patente Alcohol&#8221;]Actividad econ\u00f3mica que permite el expendio de bebidas alcoh\u00f3licas de acuerdo\u00a0 a la Ley\u00a0 19925 sobre expendio y consumo de bebidas alcoh\u00f3licas.[\/vc_toggle][vc_toggle title=&#8221;Patente Temporal&#8221;]Autorizaci\u00f3n transitorio que posibilita el ejercicio de una actividad en la \u00e9poca estival, por un plazo m\u00e1ximo de cuatro meses.[\/vc_toggle][vc_toggle title=&#8221;Traslado Patente&#8221;]Cambio de lugar de funcionamiento de la actividad econ\u00f3mica.[\/vc_toggle][vc_toggle title=&#8221;Permiso Precario&#8221;]Autorizaci\u00f3n de car\u00e1cter temporal, que no transfiere dominio de los espacios en bienes nacionales de uso p\u00fablico o municipales, solo uso y goce.[\/vc_toggle][vc_toggle title=&#8221;Rol de patente&#8221;]N\u00famero de la patente que registra todos los actos administrativos desde su otorgamiento hasta su eliminaci\u00f3n.[\/vc_toggle][vc_toggle title=&#8221;Solicitud de patente&#8221;]Petici\u00f3n formal de un contribuyente, comienza con el ingreso de la documentaci\u00f3n completa requerida\u00a0 al Departamento de Rentas y Patentes Municipales.[\/vc_toggle][\/vc_column][\/vc_row]<\/p>\n<\/section>","protected":false},"excerpt":{"rendered":"<p>[vc_row][vc_column width=&#8221;2\/3&#8243;][vc_column_text][\/vc_column_text][\/vc_column][vc_column width=&#8221;1\/3&#8243;][vc_custom_heading text=&#8221;DIRECTOR&#8221; font_container=&#8221;tag:h2|text_align:center|color:%230f0f0f&#8221; use_theme_fonts=&#8221;yes&#8221;][vc_single_image img_size=&#8221;medium&#8221; alignment=&#8221;center&#8221;][vc_column_text] Felipe Barrientos C\u00e1rdenas oficinalocalninez@municipalidadcastro.cl [\/vc_column_text][\/vc_column][\/vc_row][vc_row][vc_column][vc_text_separator title=&#8221;GLOSARIO&#8221; i_icon_fontawesome=&#8221;fas fa-book&#8221; i_color=&#8221;orange&#8221; add_icon=&#8221;true&#8221;][vc_column_text] T\u00e9rminos de uso frecuente en la direcci\u00f3n. [\/vc_column_text][\/vc_column][\/vc_row][vc_row][vc_column width=&#8221;1\/3&#8243;][vc_toggle title=&#8221;Patente Comercial&#8221;]Actividad econ\u00f3mica donde no medie un proceso\u00a0 de transformaci\u00f3n de materias primas o productos en uno diferente.[\/vc_toggle][vc_toggle title=&#8221;Patente Profesional&#8221;]Actividad econ\u00f3mica profesional.[\/vc_toggle][vc_toggle title=&#8221;Patente MEF&#8221;]Actividad econ\u00f3mica que se realiza [&hellip;]<\/p>\n","protected":false},"author":7,"featured_media":0,"parent":398,"menu_order":0,"comment_status":"closed","ping_status":"closed","template":"","meta":{"footnotes":""},"class_list":["post-26188","page","type-page","status-publish","hentry"],"publishpress_future_action":{"enabled":false,"date":"2026-05-12 06:09:06","action":"change-status","newStatus":"draft","terms":[],"taxonomy":""},"publishpress_future_workflow_manual_trigger":{"enabledWorkflows":[]},"_links":{"self":[{"href":"https:\/\/www.municipalidadcastro.cl\/index.php?rest_route=\/wp\/v2\/pages\/26188","targetHints":{"allow":["GET"]}}],"collection":[{"href":"https:\/\/www.municipalidadcastro.cl\/index.php?rest_route=\/wp\/v2\/pages"}],"about":[{"href":"https:\/\/www.municipalidadcastro.cl\/index.php?rest_route=\/wp\/v2\/types\/page"}],"author":[{"embeddable":true,"href":"https:\/\/www.municipalidadcastro.cl\/index.php?rest_route=\/wp\/v2\/users\/7"}],"replies":[{"embeddable":true,"href":"https:\/\/www.municipalidadcastro.cl\/index.php?rest_route=%2Fwp%2Fv2%2Fcomments&post=26188"}],"version-history":[{"count":4,"href":"https:\/\/www.municipalidadcastro.cl\/index.php?rest_route=\/wp\/v2\/pages\/26188\/revisions"}],"predecessor-version":[{"id":26420,"href":"https:\/\/www.municipalidadcastro.cl\/index.php?rest_route=\/wp\/v2\/pages\/26188\/revisions\/26420"}],"up":[{"embeddable":true,"href":"https:\/\/www.municipalidadcastro.cl\/index.php?rest_route=\/wp\/v2\/pages\/398"}],"wp:attachment":[{"href":"https:\/\/www.municipalidadcastro.cl\/index.php?rest_route=%2Fwp%2Fv2%2Fmedia&parent=26188"}],"curies":[{"name":"wp","href":"https:\/\/api.w.org\/{rel}","templated":true}]}}