{"id":26046,"date":"2024-12-17T10:59:39","date_gmt":"2024-12-17T13:59:39","guid":{"rendered":"https:\/\/www.municipalidadcastro.cl\/?page_id=26046"},"modified":"2026-04-21T10:27:31","modified_gmt":"2026-04-21T13:27:31","slug":"direccion-social","status":"publish","type":"page","link":"https:\/\/www.municipalidadcastro.cl\/?page_id=26046","title":{"rendered":"Direcci\u00f3n Social"},"content":{"rendered":"<section class=\"wpb-content-wrapper\"><p>[vc_row vc_row_background=&#8221;&#8221; footer_button_bg=&#8221;#81d742&#8243;][vc_column width=&#8221;2\/3&#8243;][vc_column_text]<\/p>\n<p style=\"text-align: justify;\"><span style=\"font-weight: 400;\">La Direcci\u00f3n Social Comunal, perteneciente a la Ilustre Municipalidad de Castro, tiene como principal objetivo abordar los problemas socioecon\u00f3micos de los habitantes de la comuna. <\/span><\/p>\n<p style=\"text-align: justify;\"><span style=\"font-weight: 400;\">Su labor se enfoca en proporcionar condiciones propicias para mejorar la calidad de vida de la poblaci\u00f3n. <\/span><\/p>\n<p style=\"text-align: justify;\"><span style=\"font-weight: 400;\">Adem\u00e1s, la direcci\u00f3n se encarga de ejecutar y administrar programas sociales asignados por el nivel central, como el Registro Social de Hogares (RSH), fundamental para acceder a diversos beneficios y subsidios que son tambi\u00e9n tramitados y asignados por la Direcci\u00f3n Social Comunal, tales como: Subsidio \u00danico Familiar (SUF), Subsidio al Agua Potable (SAP), Subsidio a la Discapacidad Mental (SDM), postulaci\u00f3n y renovaci\u00f3n de Becas Ind\u00edgena, Beca Presidente de la Rep\u00fablica, desde octubre del a\u00f1o 2024 se suma la gesti\u00f3n de la Beca de Integraci\u00f3n Territorial.\u00a0<\/span><\/p>\n<p>[\/vc_column_text][vc_column_text]<\/p>\n<h2 style=\"text-align: justify;\"><b>REGISTRO SOCIAL DE HOGARES (RSH):<\/b><\/h2>\n<p style=\"text-align: justify;\"><span style=\"font-weight: 400;\">El Municipio, como entidad cercana a la poblaci\u00f3n, ejecuta y aplica el RSH a nivel comunal bajo dos modalidades:<\/span><\/p>\n<ol style=\"text-align: justify;\">\n<li style=\"font-weight: 400;\" aria-level=\"1\"><span style=\"font-weight: 400;\">La presencial, directamente en la Direcci\u00f3n Social Comunal y\u00a0<\/span><\/li>\n<li style=\"font-weight: 400;\" aria-level=\"1\"><span style=\"font-weight: 400;\">Con la incorporaci\u00f3n de la tecnolog\u00eda, los usuarios pueden solicitar y actualizar sus registros mediante la clave \u00fanica.<\/span><\/li>\n<\/ol>\n<p style=\"text-align: justify;\"><b style=\"color: #212121; font-size: 1.953em;\">REGISTRO DE PERSONAS EN SITUACI\u00d3N DE CALLE<\/b><\/p>\n<p style=\"text-align: justify;\"><span style=\"font-weight: 400;\">En el marco del Registro Social de hogares (RSH), se realiza el registro de personas en situaci\u00f3n de calle, identificando y proporcionando informaci\u00f3n relevante para la implementaci\u00f3n de programas.<\/span><\/p>\n<h2 style=\"text-align: justify;\"><b>PROGRAMA ASISTENCIA SOCIAL<\/b><\/h2>\n<p style=\"text-align: justify;\"><span style=\"font-weight: 400;\">El programa de Asistencia Social tiene como objetivo atender a las personas en Situaci\u00f3n de Indigencia o Necesidad Manifiesta. Adem\u00e1s, eval\u00faa y atiende peticiones provenientes de otras unidades municipales y servicios e instituciones p\u00fablicas y privadas de la comuna de Castro.<\/span><\/p>\n<p style=\"text-align: justify;\"><span style=\"font-weight: 400;\">Durante el a\u00f1o 2023 por <\/span><b>Decreto Alcaldicio N\u00b0 1204<\/b><span style=\"font-weight: 400;\"> de fecha 30 de junio se aprueba el documento Ord. N.\u00ba 63 que actualizo los criterios y procedimientos de entrega de la ayuda social que dispone el Municipio para las familias de escasos recursos de la comuna. Dicho documento se encuentra publicado en la p\u00e1gina de Transparencia de la Municipalidad en la secci\u00f3n N.\u00ba 9 Subsidios y Programas sociales.<\/span><\/p>\n<p style=\"text-align: justify;\"><span style=\"font-weight: 400;\">Este programa es financiado con recursos municipales y su administraci\u00f3n est\u00e1 a cargo de la Direcci\u00f3n Social Comunal; qui\u00e9n debe velar por la correcta focalizaci\u00f3n y destino de estos.\u00a0<\/span><\/p>\n<h2><b>PRESTACIONES MONETARIAS<\/b><\/h2>\n<ul>\n<li style=\"font-weight: 400;\" aria-level=\"1\"><b>SUBSIDIO AL PAGO DE CONSUMO DE AGUA POTABLE (SAP)<\/b><\/li>\n<\/ul>\n<p><span style=\"font-weight: 400;\">Consiste en el financiamiento mensual, por parte del Estado, de una parte o porcentaje del pago mensual de un consumo m\u00e1ximo de metros c\u00fabicos (13m3) de agua potable y servicio de alcantarillado de aguas servidas de los residentes permanentes de una vivienda ubicado tanto en el sector urbano como rural de la comuna. Para las familias del Subsistema Seguridades y Oportunidades el subsidio cubre el 100% de los primeros 15 m3 de agua potable consumidos. El subsidio se ve reflejado como un descuento en la boleta de consumo correspondiente. Este beneficio tiene una duraci\u00f3n de tres a\u00f1os y puede ser obtenido por otro periodo legal siempre y cuando se cumplan los requisitos establecidos y exista disponibilidad de cupos a nivel comunal.\u00a0<\/span><\/p>\n<p>&nbsp;<\/p>\n<h2><b>SUBSIDIO \u00daNICO FAMILIAR (SUF)<\/b><\/h2>\n<p><span style=\"font-weight: 400;\">Es un beneficio econ\u00f3mico mensual que se solicita en la municipalidad; la Direcci\u00f3n Social es la encargada de comprobar la calidad de beneficiario, adem\u00e1s del cumplimiento de requisitos y antecedentes. Este beneficio se otorga a las personas carentes de recursos y que no se encuentran afiliadas a alg\u00fan r\u00e9gimen previsional y que adem\u00e1s cuenten con Registro Social de Hogares y su condici\u00f3n socioecon\u00f3mica (CSE) los ubique en el tramo del 60% de menores ingresos o mayor vulnerabilidad.<\/span><\/p>\n<p><span style=\"font-weight: 400;\">El beneficio consiste en un aporte en dinero <\/span><b>$22.007<\/b><span style=\"font-weight: 400;\"> mensual por cada hijo menor de 18 a\u00f1os que cumpla con asistir a control de salud, en caso de ser menor de 6 a\u00f1os y asistir al colegio en el caso de estar en el tramo de 6 a 18 a\u00f1os.<\/span><\/p>\n<p><span style=\"font-weight: 400;\">Tambi\u00e9n se otorga a la madre del ni\u00f1o que percibe el beneficio, a la mujer embarazada; y a los menores de 18 a\u00f1os que presenten alguna invalidez, en cuyo caso el monto aumenta al doble, es decir recibe mensualmente <\/span><b>$ 42.486<\/b><span style=\"font-weight: 400;\">.\u00a0 En el caso de la mujer embarazada se estima el pago completo del beneficio en un monto de <\/span><b>$ 191.187<\/b><span style=\"font-weight: 400;\">, lo que depender\u00e1 del cumplimiento de requisitos.\u00a0\u00a0<\/span><\/p>\n<p>&nbsp;<\/p>\n<h2><b>REBAJA AL SERVICIO DE ASEO COMUNAL<\/b><\/h2>\n<p><span style=\"font-weight: 400;\">En cumplimiento de la Ordenanza N\u00b0 08 de Aseo de la Comuna, la Direcci\u00f3n Social emite certificado a cada usuario de su RSH.\u00a0<\/span><\/p>\n<p><span style=\"font-weight: 400;\">Espec\u00edficamente en lo relacionado al art\u00edculo N\u00b014, la Direcci\u00f3n Social participa en la recepci\u00f3n y resoluci\u00f3n de solicitudes de Rebaja o excepci\u00f3n de pago del servicio de aseo domiciliario, destinado a las personas que presenten los requisitos estipulados en la Ordenanza mencionada.\u00a0<\/span><\/p>\n<p><span style=\"font-weight: 400;\">La Direcci\u00f3n Social le corresponde recepcionar solicitudes para la exenci\u00f3n del pago a los solicitantes que presenten tramo RSH entre el 61 al 90% y que adem\u00e1s presenten algunas de estas situaciones:<\/span><\/p>\n<ol>\n<li style=\"font-weight: 400;\" aria-level=\"1\"><span style=\"font-weight: 400;\">Cuando alg\u00fan integrante del grupo familiar declarado en el instrumento de medici\u00f3n se\u00f1alado, presente alguna enfermedad catastr\u00f3fica acreditada por el MINSAL y\/o una situaci\u00f3n de dependencia f\u00edsica o mental superior al 50% acreditada por el COMPIN y\/o Registro Nacional de Discapacidad.<\/span><\/li>\n<li style=\"font-weight: 400;\" aria-level=\"1\"><span style=\"font-weight: 400;\">Peticionarios mayores de 65 a\u00f1os que sean los \u00fanicos residentes del inmueble y que sus ingresos provengan de una pensi\u00f3n o jubilaci\u00f3n.<\/span><\/li>\n<li style=\"font-weight: 400;\" aria-level=\"1\"><span style=\"font-weight: 400;\">Propietarios o sucesores legales que se encuentren en el tramo RSH sobre el 61% y presenten ingresos que sumados a los dem\u00e1s integrantes de su RSH sean inferiores a 10 UTM mensuales.<\/span><\/li>\n<\/ol>\n<p>[\/vc_column_text][\/vc_column][vc_column width=&#8221;1\/3&#8243;][vc_custom_heading text=&#8221;DIRECTOR&#8221; font_container=&#8221;tag:h2|text_align:center|color:%23ffffff&#8221; use_theme_fonts=&#8221;yes&#8221;][vc_single_image image=&#8221;26388&#8243; img_size=&#8221;medium&#8221; alignment=&#8221;center&#8221;][vc_column_text]<\/p>\n<p style=\"text-align: center;\"><span style=\"color: #000000;\"><strong>Karl Kresta Vargas\u00a0<\/strong><\/span><\/p>\n<p style=\"text-align: center;\"><span style=\"color: #000000;\">E-Mail: social@municipalidadcastro.cl<\/span><\/p>\n<p>[\/vc_column_text][vc_tta_accordion][vc_tta_section title=&#8221;ASISTENTE SOCIAL&#8221; tab_id=&#8221;1742411314072-b16a8f0b-883f&#8221;][vc_column_text]KARIME LATIF EUGENIN<\/p>\n<p><strong>E-Mail:<\/strong> karime.latif@municipalidadcastro.cl<\/p>\n<p>EVELINE CURUMILLA GALLARDO<\/p>\n<p><strong>E-Mail:<\/strong> ecurumilla@municipalidadcastro.cl<\/p>\n<p>MONICA GALLARDO VELASQUEZ<\/p>\n<p><strong>E-Mail:<\/strong> mgallardo@municipalidadcastro.cl<\/p>\n<p>DAFNE ALVAREZ GONZALEZ<\/p>\n<p><strong>E-Mail:<\/strong> dalvarez@municipalidadcastro.cl<\/p>\n<p>PAZ YA\u00d1EZ SEPULVEDA<\/p>\n<p><strong>E-Mail:<\/strong> pya\u00f1ez@municipalidadcastro.cl<\/p>\n<p>MARIANELA ANDRADE GOMEZ<\/p>\n<p><strong>E-Mail:<\/strong> marianela.andrade@municipalidadcastro.cl<\/p>\n<p>&nbsp;<\/p>\n<p>[\/vc_column_text][\/vc_tta_section][vc_tta_section title=&#8221;SECRETARIA&#8221; tab_id=&#8221;1742412127665-51383048-ca16&#8243;][vc_column_text]PAMELA SALDIVIA ANDRADE<\/p>\n<p><strong>E-Mail:<\/strong> psaldivia@municipalidad castro.cl[\/vc_column_text][\/vc_tta_section][vc_tta_section title=&#8221;ADMINISTRATIVO&#8221; tab_id=&#8221;1742412169727-e44c553c-b978&#8243;][vc_column_text]NIVIA GONZALEZ VERA<\/p>\n<p><strong>E-Mail:<\/strong> ngonzalez@municipalidadcastro.cl<\/p>\n<p>BELEN LARENAS TEIGUEL<\/p>\n<p><strong>E-Mail: <\/strong>blarenas@municipalidadcastro.cl[\/vc_column_text][\/vc_tta_section][vc_tta_section title=&#8221;ENCARGADA COMUNAL REGISTRO SOCIAL HOGARES&#8221; tab_id=&#8221;1742412218197-2e055270-49bb&#8221;][vc_column_text]LORENA PEREZ MIRANDA<\/p>\n<p><strong>E-Mail:<\/strong> lperez@municipalidadcastro.cl[\/vc_column_text][\/vc_tta_section][vc_tta_section title=&#8221;ADMINISTRATIVO &#8211; CHOFER&#8221; tab_id=&#8221;1742412702531-74ee3a94-676c&#8221;][vc_column_text]LUIS CARDENAS CHAURA<\/p>\n<p><strong>E-Mail:<\/strong> luis.cardenas@municipalidad.cl[\/vc_column_text][\/vc_tta_section][vc_tta_section title=&#8221;AUXILIAR- CHOFER&#8221; tab_id=&#8221;1742412742559-602dba7a-82ca&#8221;][vc_column_text]HECTOR BORQUEZ CARCAMO<\/p>\n<p><strong>Fono:<\/strong> 9 40429674[\/vc_column_text][\/vc_tta_section][\/vc_tta_accordion][\/vc_column][vc_column][\/vc_column][vc_column][\/vc_column][\/vc_row]<\/p>\n<\/section>","protected":false},"excerpt":{"rendered":"<p>[vc_row vc_row_background=&#8221;&#8221; footer_button_bg=&#8221;#81d742&#8243;][vc_column width=&#8221;2\/3&#8243;][vc_column_text] La Direcci\u00f3n Social Comunal, perteneciente a la Ilustre Municipalidad de Castro, tiene como principal objetivo abordar los problemas socioecon\u00f3micos de los habitantes de la comuna. Su labor se enfoca en proporcionar condiciones propicias para mejorar la calidad de vida de la poblaci\u00f3n. Adem\u00e1s, la direcci\u00f3n se encarga de ejecutar y administrar [&hellip;]<\/p>\n","protected":false},"author":7,"featured_media":0,"parent":2050,"menu_order":0,"comment_status":"closed","ping_status":"closed","template":"","meta":{"footnotes":""},"class_list":["post-26046","page","type-page","status-publish","hentry"],"publishpress_future_action":{"enabled":false,"date":"2026-05-12 05:41:32","action":"change-status","newStatus":"draft","terms":[],"taxonomy":""},"publishpress_future_workflow_manual_trigger":{"enabledWorkflows":[]},"_links":{"self":[{"href":"https:\/\/www.municipalidadcastro.cl\/index.php?rest_route=\/wp\/v2\/pages\/26046","targetHints":{"allow":["GET"]}}],"collection":[{"href":"https:\/\/www.municipalidadcastro.cl\/index.php?rest_route=\/wp\/v2\/pages"}],"about":[{"href":"https:\/\/www.municipalidadcastro.cl\/index.php?rest_route=\/wp\/v2\/types\/page"}],"author":[{"embeddable":true,"href":"https:\/\/www.municipalidadcastro.cl\/index.php?rest_route=\/wp\/v2\/users\/7"}],"replies":[{"embeddable":true,"href":"https:\/\/www.municipalidadcastro.cl\/index.php?rest_route=%2Fwp%2Fv2%2Fcomments&post=26046"}],"version-history":[{"count":16,"href":"https:\/\/www.municipalidadcastro.cl\/index.php?rest_route=\/wp\/v2\/pages\/26046\/revisions"}],"predecessor-version":[{"id":29167,"href":"https:\/\/www.municipalidadcastro.cl\/index.php?rest_route=\/wp\/v2\/pages\/26046\/revisions\/29167"}],"up":[{"embeddable":true,"href":"https:\/\/www.municipalidadcastro.cl\/index.php?rest_route=\/wp\/v2\/pages\/2050"}],"wp:attachment":[{"href":"https:\/\/www.municipalidadcastro.cl\/index.php?rest_route=%2Fwp%2Fv2%2Fmedia&parent=26046"}],"curies":[{"name":"wp","href":"https:\/\/api.w.org\/{rel}","templated":true}]}}