{"id":2169,"date":"2018-06-26T10:01:15","date_gmt":"2018-06-26T14:01:15","guid":{"rendered":"http:\/\/www.castromunicipio.cl\/?page_id=2169"},"modified":"2025-03-18T08:52:24","modified_gmt":"2025-03-18T11:52:24","slug":"concejales","status":"publish","type":"page","link":"https:\/\/www.municipalidadcastro.cl\/?page_id=2169","title":{"rendered":"Concejales"},"content":{"rendered":"<section class=\"wpb-content-wrapper\"><p>[vc_row][vc_column width=&#8221;1\/3&#8243;][vc_single_image image=&#8221;25921&#8243; img_size=&#8221;medium&#8221; add_caption=&#8221;yes&#8221; alignment=&#8221;center&#8221;][vc_column_text]<\/p>\n<p style=\"text-align: center;\"><b>Ignacio \u00c1lvarez Vera <\/b><b>(PS)<\/b><\/p>\n<p style=\"text-align: center;\"><strong>Fono: <\/strong>+56 9 98183062<\/p>\n<p style=\"text-align: center;\"><strong>E-Mail:<\/strong> ignacio.alvarez.vera@gmail.com<\/p>\n<p style=\"text-align: center;\"><span style=\"font-weight: 400;\">ignacioalvarezconcejal@municipalidadcastro.cl<\/span><\/p>\n<p>[\/vc_column_text][\/vc_column][vc_column width=&#8221;1\/3&#8243;][vc_single_image image=&#8221;25920&#8243; img_size=&#8221;medium&#8221; alignment=&#8221;center&#8221;][vc_column_text]<\/p>\n<p style=\"text-align: center;\"><b>H\u00e9ctor Nicol\u00e1s \u00c1lvarez Vargas (PS)<\/b><\/p>\n<p style=\"text-align: center;\"><strong>Fono: <\/strong>+56 9 8991 7676<\/p>\n<p style=\"text-align: center;\"><span style=\"font-weight: 400;\"><strong>E- Mail:<\/strong> concejalnicolasalvarez@gmail.com<\/span>, <span style=\"font-weight: 400;\">nicolasalvarezconcejal@municipalidadcastro.cl<\/span><\/p>\n<p>[\/vc_column_text][\/vc_column][vc_column width=&#8221;1\/3&#8243;][vc_single_image image=&#8221;25922&#8243; img_size=&#8221;medium&#8221; alignment=&#8221;center&#8221;][vc_column_text]<\/p>\n<p style=\"text-align: center;\"><b>Jorge B\u00f3rquez Andrade (UDI)<br \/>\n<\/b><\/p>\n<p style=\"text-align: center;\"><strong>Fono: <\/strong>+56 9 7854 7545<\/p>\n<p style=\"text-align: center;\"><span style=\"font-weight: 400;\"><strong>E-Mail:<\/strong> jorgeluisborquezconcejal@gmail.com<\/span>, <span style=\"font-weight: 400;\">jorgeborquezconcejal@municipalidadcastro.cl<\/span><\/p>\n<p>[\/vc_column_text][\/vc_column][\/vc_row][vc_row][vc_column width=&#8221;1\/3&#8243;][vc_single_image image=&#8221;25923&#8243; img_size=&#8221;medium&#8221; alignment=&#8221;center&#8221;][vc_column_text]<\/p>\n<p style=\"text-align: center;\"><b>Pablo Barrientos Torres (IND)<\/b><\/p>\n<p style=\"text-align: center;\"><strong>Fono: <\/strong>+56 9 8900 6480<\/p>\n<p style=\"text-align: center;\"><strong><span style=\"font-weight: 400;\"><strong>E-Mail:<\/strong> pablobarrientosconcejal@municipalidadcastro.cl<\/span><\/strong><\/p>\n<p>[\/vc_column_text][\/vc_column][vc_column width=&#8221;1\/3&#8243;][vc_single_image image=&#8221;12986&#8243; img_size=&#8221;medium&#8221; alignment=&#8221;center&#8221;][vc_column_text]<\/p>\n<p style=\"text-align: center;\"><b>Enrique Soto D\u00edaz (IND)<\/b><\/p>\n<p style=\"text-align: center;\"><strong>Fono: <\/strong>+56 9 3509 2544<\/p>\n<p style=\"text-align: center;\"><span style=\"font-weight: 400;\"><strong>E-Mail:<\/strong> enriquesotoconcejal@municipalidadcastro.cl<\/span><\/p>\n<p>[\/vc_column_text][\/vc_column][vc_column width=&#8221;1\/3&#8243;][vc_single_image image=&#8221;13033&#8243; img_size=&#8221;medium&#8221; alignment=&#8221;center&#8221;][vc_column_text]<\/p>\n<p style=\"text-align: center;\"><b>Yoanna Morales Aguilar (IND)<\/b><\/p>\n<p style=\"text-align: center;\"><strong>Fono: <\/strong>+56 9 3146 9950<\/p>\n<p style=\"text-align: center;\"><strong>E-Mail:<\/strong> yoannamoralesconcejal@municipalidadcastro.cl<\/p>\n<p>[\/vc_column_text][\/vc_column][\/vc_row]<\/p>\n<\/section>","protected":false},"excerpt":{"rendered":"<p>[vc_row][vc_column width=&#8221;1\/3&#8243;][vc_single_image image=&#8221;25921&#8243; img_size=&#8221;medium&#8221; add_caption=&#8221;yes&#8221; alignment=&#8221;center&#8221;][vc_column_text] Ignacio \u00c1lvarez Vera (PS) Fono: +56 9 98183062 E-Mail: ignacio.alvarez.vera@gmail.com ignacioalvarezconcejal@municipalidadcastro.cl [\/vc_column_text][\/vc_column][vc_column width=&#8221;1\/3&#8243;][vc_single_image image=&#8221;25920&#8243; img_size=&#8221;medium&#8221; alignment=&#8221;center&#8221;][vc_column_text] H\u00e9ctor Nicol\u00e1s \u00c1lvarez Vargas (PS) Fono: +56 9 8991 7676 E- Mail: concejalnicolasalvarez@gmail.com, nicolasalvarezconcejal@municipalidadcastro.cl [\/vc_column_text][\/vc_column][vc_column width=&#8221;1\/3&#8243;][vc_single_image image=&#8221;25922&#8243; img_size=&#8221;medium&#8221; alignment=&#8221;center&#8221;][vc_column_text] Jorge B\u00f3rquez Andrade (UDI) Fono: +56 9 7854 7545 E-Mail: jorgeluisborquezconcejal@gmail.com, jorgeborquezconcejal@municipalidadcastro.cl [\/vc_column_text][\/vc_column][\/vc_row][vc_row][vc_column width=&#8221;1\/3&#8243;][vc_single_image [&hellip;]<\/p>\n","protected":false},"author":7,"featured_media":0,"parent":126,"menu_order":0,"comment_status":"closed","ping_status":"closed","template":"","meta":{"footnotes":""},"class_list":["post-2169","page","type-page","status-publish","hentry"],"publishpress_future_action":{"enabled":false,"date":"2026-05-12 05:41:46","action":"change-status","newStatus":"draft","terms":[],"taxonomy":""},"publishpress_future_workflow_manual_trigger":{"enabledWorkflows":[]},"_links":{"self":[{"href":"https:\/\/www.municipalidadcastro.cl\/index.php?rest_route=\/wp\/v2\/pages\/2169","targetHints":{"allow":["GET"]}}],"collection":[{"href":"https:\/\/www.municipalidadcastro.cl\/index.php?rest_route=\/wp\/v2\/pages"}],"about":[{"href":"https:\/\/www.municipalidadcastro.cl\/index.php?rest_route=\/wp\/v2\/types\/page"}],"author":[{"embeddable":true,"href":"https:\/\/www.municipalidadcastro.cl\/index.php?rest_route=\/wp\/v2\/users\/7"}],"replies":[{"embeddable":true,"href":"https:\/\/www.municipalidadcastro.cl\/index.php?rest_route=%2Fwp%2Fv2%2Fcomments&post=2169"}],"version-history":[{"count":45,"href":"https:\/\/www.municipalidadcastro.cl\/index.php?rest_route=\/wp\/v2\/pages\/2169\/revisions"}],"predecessor-version":[{"id":26657,"href":"https:\/\/www.municipalidadcastro.cl\/index.php?rest_route=\/wp\/v2\/pages\/2169\/revisions\/26657"}],"up":[{"embeddable":true,"href":"https:\/\/www.municipalidadcastro.cl\/index.php?rest_route=\/wp\/v2\/pages\/126"}],"wp:attachment":[{"href":"https:\/\/www.municipalidadcastro.cl\/index.php?rest_route=%2Fwp%2Fv2%2Fmedia&parent=2169"}],"curies":[{"name":"wp","href":"https:\/\/api.w.org\/{rel}","templated":true}]}}